n) = 6*h(n) - 7*i(n). What is the units digit of j(2)?
3
Let l(m) = 363 + 2*m**2 - 123 - 15*m + 0*m**2 - 2*m**2 + m**2. What is the units digit of l(9)?
6
Let q = 672 + 2288. What is the tens digit of q?
6
Suppose 29*n - 80 = 13*n. Suppose n*o - r = 1305, 3*o + 4*r + 783 = 6*o. What is the units digit of o?
1
Let r = -384 - -395. Suppose 4*p - 1032 = -2*g, 0 = 5*g - 10*p + r*p - 2607. What is the tens digit of g?
2
Let c(t) = t**2 + 104*t - 530. What is the units digit of c(25)?
5
Let m(f) = 129*f + 1624. What is the thousands digit of m(25)?
4
Let c(h) = 7*h**2 + 9*h - 11*h + 4*h**3 - 2*h**3 - 4 + 13. Let o be c(-4). Let g(l) = 110*l + 3. What is the hundreds digit of g(o)?
1
Suppose 14380 = 2*a - g, -4*a - 4*g = -9349 - 19423. What is the tens digit of a?
9
Let x = 58 - 115. Let w = x - -61. Suppose 3*v = -b - w + 49, -2*v = 3*b - 135. What is the units digit of b?
5
Let m be 6 + 214 + -7 - 5. Let l = 854 - m. What is the tens digit of l?
4
Suppose -3527401 + 2093968 = -57*d + 2432478. What is the hundreds digit of d?
8
What is the tens digit of 773714/19 - (-84)/399?
2
Let b(s) = 3*s**2 + s - 2. Let t be b(1). Suppose i + t = 7. Suppose i*k - 242 = 243. What is the tens digit of k?
9
What is the ten thousands digit of (392528/(-14))/(772/(-1351))?
4
Suppose 352*u - 1035685 = 317*u. What is the thousands digit of u?
9
What is the units digit of (-12)/36*(864/(-80))/((-2)/(-530))?
4
Let p be ((-8 - 2) + (3 - -1))/(-2). Suppose -36*a + 1295 = -35*a - 2*h, 5*a - p*h - 6489 = 0. What is the units digit of a?
9
Suppose 7*d + 210 = 2*d. Let h be (1 - d) + 4/2. Suppose -2*q = 6, 4*q + 108 = 3*p - h. What is the units digit of p?
7
What is the ten thousands digit of 14/(-6) - (45822854/102)/(-11)?
4
What is the hundreds digit of 2 + ((-10)/(8 + -18))/(3/2481)?
8
Suppose 7*o + 0 = -0. Suppose -730 = -4*j - 3*r, o = 3*j - r - r - 539. Suppose 2*z - 441 + j = 0. What is the units digit of z?
0
Suppose -9*d + 36 = 9*d. Suppose 4*y - 440 = -4*g, -d*g = 2*g - 12. What is the hundreds digit of y?
1
Let v = 10291 - 9456. What is the units digit of v?
5
Let o = 17122 - 15260. What is the hundreds digit of o?
8
Let q(c) = -55*c + 74. Let z be q(-30). Suppose 3*y - 6*y + 1292 = -2*m, 4*y = 2*m + z. What is the units digit of y?
2
What is the thousands digit of 6589737/1036 - 11/4?
6
Suppose 2*n - 2*s - 2174 = 0, 2*s = 7*s + 20. Let a = n + -142. What is the units digit of a?
1
Let n be ((-8)/5)/(-1) + (-96)/160. What is the tens digit of (-5 + 164/8)*(1 + n)?
3
Let k(x) = 144*x**2 - 39*x - 125. What is the tens digit of k(12)?
4
Suppose c = -2 + 7. Let i be (-13)/(-2) + c/(-10). Suppose i*q - 14 - 34 = 0. What is the units digit of q?
8
Let y(x) = 15*x**2 + 244*x - 83. What is the hundreds digit of y(17)?
4
Suppose -r = 3*b - 611, 3*b - 478 = 5*r + 103. Let z = -34 + -82. Let d = z + b. What is the tens digit of d?
8
Suppose 20 = 5*k, -2*i = 8*k - 4*k - 1942. What is the tens digit of i?
6
Let o(p) = 9*p - p**3 + 0*p**3 - 13*p**2 - 3 - 26*p. Let s be o(-13). Suppose 3*q - 719 = -s. What is the hundreds digit of q?
1
Let y be (0 - 1227)*(64/(-12) + 5). Let v = -230 + y. Suppose -3*a + v = -508. What is the tens digit of a?
2
Suppose 28 = -4*o, 21*o - 24*o - 85441 = -5*b. What is the ten thousands digit of b?
1
Let q = -29 + 121. Suppose -3*i = 2*i. Suppose p + q - 99 = i. What is the units digit of p?
7
Let c be (-3*(-6)/45)/((-1)/(-10)). Suppose -p - c*p = -95. Suppose p*w + 95 = 20*w. What is the units digit of w?
5
Suppose k - 237 = 2*p, 6*k + 948 = 10*k - 3*p. What is the tens digit of k?
3
Let j(t) be the third derivative of t**6/120 - t**4/8 + 73*t**3/6 + 1169*t**2. Suppose -5*u - 4*w + 2*w = -10, w = u + 5. What is the units digit of j(u)?
3
Suppose 23*z = -23*z - 8*z + 29052. What is the hundreds digit of z?
5
Let v be 16*1/5 - 16/(-20). Suppose -5*z - w + 1101 = 0, -2*z + 374 = -v*w - 62. Let s = z - 128. What is the units digit of s?
2
Let c = -29 + 40. Let f(a) = 13*a**2 - a**3 - 151*a - 14 + 61*a + 75*a. What is the units digit of f(c)?
3
Suppose 5*z - 1180 = 5*q, -5*q + 4*q = -5*z + 1184. Let k be -2 - (6/(-33) - (-233)/11). Let j = z + k. What is the units digit of j?
4
Suppose -4 - 2 = -3*w. Let v = 4 - w. What is the units digit of (v/1)/((-24)/(-900))?
5
Suppose 15*k - 375040 = -49*k. What is the tens digit of k?
6
Suppose 0 = 3*x + 15, 25*m + 6*x - 7*x = 1135805. What is the hundreds digit of m?
4
Let y be (-5)/55 - 4/(-44). Suppose 2*m = -5*d + 5287, -m - 1063 = -d - y*d. What is the hundreds digit of d?
0
Suppose 4*l - 2*u = 24, -l + 5*u = -15 - 0. Suppose 6 = l*r - 14. Suppose 227 = r*z - 409. What is the units digit of z?
9
Let w(v) = -2*v**2 - 11*v - 24. Let c(b) = -b**2 - 2*b + 1. Let n be c(-4). Let i be w(n). What is the units digit of 18/i + (2 - (-874)/10)?
9
Let u be (-1 + -1)*-5*12/24. Suppose 4*o + 1153 = 3*f, 4*o + 583 = 2*o - u*f. Let s = o + 484. What is the units digit of s?
5
Let a = -3091 - -6288. Suppose 0 = 5*j + 792 - a. What is the units digit of j?
1
Let s = 7329 + -3346. What is the tens digit of s?
8
Let k(s) = -3 + 4*s**2 + 4*s - 81*s**3 + 3*s + 9*s**3 - 73*s**3 + 0. What is the thousands digit of k(-2)?
1
Let d be (-51 - -51)/((-5)/1). Let m be (26/(-6))/((-2)/18). Suppose 0 = -5*a - 2*k - d*k + m, -k = a - 9. What is the units digit of a?
7
What is the units digit of (-57520)/(-12) - (-5 + (-63)/(-27))?
6
Let m(y) be the first derivative of -21*y**2/2 + 199*y - 136. What is the tens digit of m(-23)?
8
Let p(t) = 185*t**3 - 14*t + 86. What is the units digit of p(4)?
0
Let w(t) = 927*t + 15679. What is the hundreds digit of w(-6)?
1
Suppose -f - 384 = -3*f. Let r = -110 + f. Suppose 4*q - 374 - r = 0. What is the tens digit of q?
1
Let n(b) = -27*b - 16. Let y be n(7). Let s = 1039 - y. What is the units digit of s?
4
Let n = 29292 - 17531. What is the thousands digit of n?
1
Suppose 0*a + 4*a = 192. Suppose 0 = 4*k + 2*k + 246. Let n = a + k. What is the units digit of n?
7
Let w(a) = -100*a - 3. Let h(c) = -c**3 + 5*c**2 + 3*c + 17. Let x be h(6). Let q be x/3*(-9)/(-3). What is the tens digit of w(q)?
9
Suppose -6*n - 5*z = -7*n + 4090, 2*n = 2*z + 8188. Suppose 0 = -4*c + 8, c = 3*u - 2*c - n. What is the units digit of u?
7
Let d = 8056 + 38436. What is the tens digit of d?
9
Suppose 141*u = 154*u - 14274 - 7137. What is the units digit of u?
7
Suppose -5 = 2*t + 1. Let f be 0*(2 - t/(-2))/(-1). Suppose f*k = -2*c - k + 72, -c + 4*k + 45 = 0. What is the tens digit of c?
3
What is the ten thousands digit of ((0 + 2)/2 - -1)*839781/54?
3
Let v = -13 - 18. Let o = v - -31. Suppose o*k + 134 = k. What is the units digit of k?
4
Let q(r) = 15*r**2 - 16*r - 60. Let l(a) = 3*a**2 - 3*a - 12. Let m(v) = 11*l(v) - 2*q(v). Let h be ((-8)/(-10))/((-3)/90*-4). What is the tens digit of m(h)?
9
Suppose 5*n = 4781 + 64. Let v = n + -682. Suppose v = 4*c - 141. What is the units digit of c?
7
Let m(x) = 2*x + 9. Let c be m(-3). Suppose 0 = -5*a - 0*j + 3*j + 6, -a + 2*j = c. Let f(t) = 20*t + 1. What is the units digit of f(a)?
1
Let c = -417 - -446. Suppose 0 = -10*f + c + 2611. What is the hundreds digit of f?
2
Let x = -30 + 50. Suppose 4*y = -5*t + 3*y - 58, -5*t = -2*y + 64. Let j = x + t. What is the units digit of j?
8
Let x be (3 + (-46)/6)/((-2)/3). Suppose 5*t - 4 = -2*r, -x*t = -3*t. Suppose 172 = 5*i + 2*m - 373, -109 = -i - r*m. What is the tens digit of i?
0
Let c(h) = 3295*h + 116. What is the hundreds digit of c(1)?
4
Let u(g) = g**2 + 5*g - 22. Let s be u(-8). Suppose s*c - 4*n + 1230 = 0, -162 - 455 = c - n. What is the tens digit of c/(-5) - 12/15?
2
Let o(l) = -4*l**2 + 6*l + 4. Let k be o(9). Let f = 378 - k. What is the hundreds digit of f?
6
Suppose -3549877 = -243*k + 831899. What is the hundreds digit of k?
0
Let h = -789 + 807. What is the tens digit of -1 + 36*-3*(-177)/h?
6
Suppose -17*c - 4 = -19*c. Suppose -c*j = 4*d - d - 77, -2*d + 52 = j. Suppose 0 = a - d - 18. What is the units digit of a?
5
Let j be (6/2)/((-417)/(-973)). Let w(o) = -4*o**2 + 13*o + 15 + 2*o**2 - 1. What is the units digit of w(j)?
7
Let x(d) be the third derivative of d**4/24 + 19*d**3/6 + 7*d**2. Let j be x(-23). Let c = 24 + j. What is the units digit of c?
0
Let w(c) = c**3 + 4*c**2 + 2. Let f be w(-4). Suppose -3